• Terra Properties Inc
  • Software Answer



NOAA-Style Climate Reports


Select year:  Select month: 



Report for 2018 April
                  MONTHLY CLIMATOLOGICAL SUMMARY FOR 4/2018
                                        HEAT  COOL        
     MEAN                               DEG   DEG       WIND SPEED       DOM MEAN  MEAN
DAY  TEMP  HIGH   TIME     LOW   TIME   DAYS  DAYS RAIN AVG  HI  TIME    DIR BAROM HUM
---------------------------------------------------------------------------------------
1    69.8  80.9   3:47pm  62.0   6:48am    1    6  0.00   4  19  11:30am SSE 29.95   77
2    61.7  72.4   4:19pm  51.9   7:38am    5    1  0.01   2  20  11:12pm NNE 29.84   82
3    71.0  82.1   5:30pm  61.3  11:57pm    0    6  0.00   4  21  12:29am  SW 29.80   76
4    58.0  70.1   5:27pm  46.1   7:40am    8    1  0.00   3  17  12:24am NNE 30.21   45
5    63.3  76.6   2:18pm  48.5   1:59am    5    3  0.00   4  18  12:32pm  SE 30.03   71
6    74.4  84.0   4:35pm  64.9  11:59pm    0    9  0.39   4  19  11:54am SSE 29.76   79
7    45.4  64.9  12:00am  38.5   8:36pm   20    0  0.01   3  19   9:58am NNW 29.99   85
8    48.5  62.5   5:46pm  39.2   2:31am   17    0  0.00   2  12   4:22pm  SE 29.93   79
9    58.2  67.3   2:16pm  49.9   1:03am    7    0  0.00   1  14   2:29pm ENE 30.01   80
10   60.9  75.3   3:55pm  47.1   6:28am    7    3  0.00   1  13   9:52am  NE 30.27   61
11   62.3  80.0   3:53pm  43.1   7:19am    8    5  0.00   2  18   5:54pm SSE 30.13   65
12   70.2  83.8   5:09pm  60.4   2:29am    1    6  0.00   5  28   2:48pm SSE 29.86   76
13   73.5  84.3   5:15pm  57.1  11:07pm    0    9  0.65   4  21   1:22am SSE 29.65   80
14   58.9  69.0   5:30pm  45.1  11:59pm    7    1  0.00   2  20   9:55am  NW 29.97   46
15   54.6  73.5   5:56pm  39.3   7:31am   12    1  0.00   1  13  12:02pm  NW 30.18   52
16   63.4  81.0   4:43pm  45.1   1:50am    7    5  0.00   3  22   2:47pm  SW 30.16   58
17   69.1  83.9   4:45pm  56.8   7:13am    2    6  0.00   5  25  10:11am  SW 29.93   69
18   70.9  82.5   4:05pm  59.9  11:59pm    0    6  0.00   2  18  12:52am  SW 29.98   59
19   63.3  76.6   2:15pm  52.2   4:48am    5    3  0.00   1  14  10:16am ENE 30.24   44
20   59.9  68.9   2:53pm  53.6   7:15am    6    0  0.00   3  17   9:37am  SE 30.17   57
21   62.8  69.5   4:22pm  55.0  12:00am    4    1  0.01   3  17  12:16pm  SE 29.96   85
22   61.8  75.6   5:05pm  51.2   5:12am    5    2  0.00   1  14   1:25am  NW 30.05   65
23   60.8  82.3   3:43pm  47.4   7:11am    5    3  0.00   1  13  11:54am WNW 30.07   64
---------------------------------------------------------------------------------------
TOT  62.7  84.3  4/13/18  38.5   4/7/18  130   78  1.07   3  28  4/12/18  SE 30.00   68

HEAT BASE: 65.0
COOL BASE: 65.0