NOAA-Style Climate Reports


Select year:  Select month: 



Report for 2019 May
                  MONTHLY CLIMATOLOGICAL SUMMARY FOR 5/2019
                                        HEAT  COOL        
     MEAN                               DEG   DEG       WIND SPEED       DOM MEAN  MEAN
DAY  TEMP  HIGH   TIME     LOW   TIME   DAYS  DAYS RAIN AVG  HI  TIME    DIR BAROM HUM
---------------------------------------------------------------------------------------
1    76.8  82.9   1:37pm  73.5   6:51am    0   12  0.00   3  15   3:05am ESE 29.90   81
2    67.7  79.4  11:56am  61.2   6:29am    1    4  0.43   2  26   4:46pm   E 29.99   86
3    68.9  78.4   4:41pm  63.2   8:06am    0    4  2.32   2  25  11:26pm   E 29.92   89
4    69.4  80.8   4:54pm  58.2   6:30am    1    6  0.00   2  25  12:00am WNW 29.89   80
5    70.9  83.3   4:14pm  57.1   6:38am    2    7  0.00   1  12   3:17pm ESE 29.91   79
6    71.1  76.6  12:31pm  65.3   5:45am    0    6  0.00   1  12  10:01am ESE 29.95   85
7    73.1  85.4   4:45pm  65.7   4:12am    0    8  0.05   2  22   6:21pm ESE 29.92   86
8    70.3  76.4   6:25pm  64.2   2:19pm    0    5  0.96   1  15  12:41pm ESE 29.74   88
9    74.4  85.0   1:24pm  62.5  11:56pm    0    9  0.02   2  15   8:31pm SSW 29.83   84
10   58.9  65.1   4:17pm  51.7   9:25am    6    0  0.00   2  14   1:26am WNW 30.01   81
11   59.2  62.7   3:13pm  55.2   7:15am    6    0  0.23   1  11   3:00pm WNW 29.95   89
12   66.7  77.3   3:01pm  57.5   6:52am    2    4  0.00   1  15   2:31pm   E 29.93   74
13   68.3  82.5   3:29pm  52.8   6:08am    3    7  0.00   1  12   2:30pm   E 29.97   70
14   70.6  81.4   2:34pm  58.9   6:28am    1    7  0.00   1  12   1:23pm ESE 30.01   76
15   73.0  85.4   4:29pm  60.5   6:42am    1    9  0.00   1   9   9:59am ESE 30.03   73
16   74.0  85.4   5:00pm  61.3   5:16am    0    9  0.00   1  12  11:30am ESE 30.00   75
17   77.9  88.4   4:15pm  69.5   5:00am    0   13  0.00   2  16   6:35pm ESE 29.84   78
18   78.0  85.2   1:19pm  75.2   5:09am    0   13  0.36   2  20   9:50am   S 29.72   84
19   81.7  91.4   4:05pm  75.4   6:59am    0   17  0.00   2  10   4:44pm SSW 29.83   77
20   80.3  88.9   2:55pm  75.9   1:10am    0   15  0.00   3  17   1:05pm  SE 29.77   78
21   76.0  85.1   5:34pm  62.2   9:56am    0   11  0.14   2  23   1:35am   E 29.67   69
22   80.8  89.1   4:04pm  71.6  12:00am    0   16  0.00   2  19  11:09am SSE 29.77   74
---------------------------------------------------------------------------------------
TOT  72.2  91.4  5/19/19  51.7  5/10/19   24  182  4.61   2  26   5/2/19 ESE 29.89   80

HEAT BASE: 65.0
COOL BASE: 65.0