NOAA-Style Climate Reports


Select year:  Select month: 



Report for 2019 March
                  MONTHLY CLIMATOLOGICAL SUMMARY FOR 3/2019
                                        HEAT  COOL        
     MEAN                               DEG   DEG       WIND SPEED       DOM MEAN  MEAN
DAY  TEMP  HIGH   TIME     LOW   TIME   DAYS  DAYS RAIN AVG  HI  TIME    DIR BAROM HUM
---------------------------------------------------------------------------------------
1    44.7  49.8   5:23pm  38.9   7:49am   20    0  0.00   1   9   1:33am ENE 30.11   84
2    45.5  48.4   4:19pm  42.3  11:36pm   19    0  0.01   2  12   4:42pm NNE 30.11   92
3    40.1  43.1   8:09am  30.3  11:57pm   25    0  0.02   4  21  10:39am   N 30.16   85
4    30.0  34.8   3:26pm  26.9   8:14am   35    0  0.00   5  21   4:09am   N 30.43   61
5    32.9  45.0   4:22pm  22.1   7:00am   32    0  0.00   3  23   2:21pm NNW 30.56   53
6    42.3  57.4   3:16pm  23.7   6:44am   23    0  0.00   4  19   1:19pm SSE 30.45   59
7    58.5  72.5   2:33pm  48.5   4:57am    8    1  0.00   5  22   1:21pm SSE 30.12   82
8    70.1  81.3   4:12pm  61.8  12:00am    0    5  0.00   7  22   8:19pm SSW 29.90   82
9    70.0  84.4   3:56pm  51.6  11:55pm    2    7  0.07   4  19  12:30am SSW 29.82   62
10   64.3  78.0   1:19pm  50.6   1:56am    3    3  0.00   2  13   2:02pm NNE 30.01   79
11   57.4  63.1  12:00am  54.8   8:04am    8    0  0.00   2  15   9:12am NNE 30.18   79
12   65.3  77.4   3:09pm  56.5   4:00am    3    4  0.01   7  26   9:44pm SSE 30.05   84
13   66.9  78.8   6:07pm  53.7   8:26am    2    4  0.60   7  30   1:10am SSE 29.69   80
14   64.5  71.5   4:05pm  54.1  11:59pm    3    2  0.10   4  19   2:46am  NW 29.98   46
15   51.9  57.7   1:36pm  45.1   7:49am   13    0  0.00   3  20  10:10am NNE 30.38   45
16   51.1  61.0   2:00pm  39.8   5:28am   14    0  0.00   2  18  11:33am NNE 30.42   46
17   54.2  66.8   4:50pm  41.9   7:56am   11    0  0.00   1  15   1:32pm ENE 30.34   47
18   54.8  69.3   4:35pm  41.7   7:31am   11    1  0.00   2  18   4:08pm  SE 30.30   52
19   57.9  71.4   4:36pm  44.8   2:54am    8    1  0.00   3  22   1:46pm SSE 30.27   53
20   60.6  73.2   5:22pm  48.3   4:06am    6    2  0.00   2  17   3:54pm   S 30.25   64
21   59.6  76.9   5:07pm  41.8   7:39am    8    3  0.00   1  10   1:49pm  SE 30.24   52
22   63.6  79.5   4:22pm  46.6   7:46am    5    4  0.00   3  16   3:03pm SSE 30.14   54
23   65.3  73.3   1:34pm  58.8   3:48am    2    3  0.00   4  19  11:37pm SSE 30.08   73
24   69.9  80.5   4:24pm  63.8   5:48am    0    5  0.00   4  17  11:28am SSE 30.07   76
25   70.4  80.8   4:06pm  60.2  11:35pm    0    6  0.00   3  18   3:57am  NE 30.13   66
26   56.1  64.1  10:59am  49.8   7:45am    4    0  0.00   1  11  10:08am  NE 30.30   73
---------------------------------------------------------------------------------------
TOT  56.5  84.4   3/9/19  22.1   3/5/19  266   49  0.81   3  30  3/13/19 SSE 30.17   66

HEAT BASE: 65.0
COOL BASE: 65.0