NOAA-Style Climate Reports


Select year:  Select month: 



Report for 2019 January
                  MONTHLY CLIMATOLOGICAL SUMMARY FOR 1/2019
                                        HEAT  COOL        
     MEAN                               DEG   DEG       WIND SPEED       DOM MEAN  MEAN
DAY  TEMP  HIGH   TIME     LOW   TIME   DAYS  DAYS RAIN AVG  HI  TIME    DIR BAROM HUM
---------------------------------------------------------------------------------------
1    40.6  44.7  12:00am  37.3  11:58pm   24    0  0.00   3  17   8:50am NNW 30.24   85
2    35.3  37.4  12:00am  33.8   6:10am   30    0  2.56   3  18   7:29pm NNW 30.20   91
3    38.3  48.1   4:24pm  31.5  11:09pm   27    0  0.35   3  17  12:15pm  NW 30.09   87
4    44.1  64.9   4:30pm  29.9   1:50am   21    0  0.00   2  13  10:51am   W 30.10   75
5    49.1  71.2   3:42pm  31.8   7:34am   17    1  0.00   1  13   2:42pm  SW 30.17   69
6    55.2  71.3   3:53pm  41.6   5:54am   11    1  0.00   4  21  11:36pm SSE 30.10   83
7    65.5  75.4   3:47pm  59.8   9:57pm    2    2  0.01   3  19  12:32am   S 30.08   83
8    60.6  74.2   2:01pm  51.7   7:45am    6    1  0.00   2  12   3:53pm SSW 30.24   73
9    50.1  59.7   3:16pm  42.0   9:17pm   15    0  0.00   2  17  11:19am NNE 30.48   55
10   49.5  58.6   4:00pm  41.5  12:45am   15    0  0.00   2  13  11:30am  SE 30.34   55
11   52.5  60.3   3:07pm  43.8   3:40am   13    0  0.21   3  17   1:51pm SSE 30.09   78
12   51.4  59.2   3:30pm  37.7  11:58pm   14    0  0.00   4  24  10:00am  NW 30.14   73
13   41.1  50.8   3:50pm  33.7   7:15am   24    0  0.00   3  16   9:51am NNE 30.42   75
14   41.4  50.4   3:33pm  35.6   7:16am   24    0  0.00   2  11  12:54am NNE 30.49   74
15   45.9  49.8   1:41pm  42.4  12:00am   19    0  0.00   2  12  12:33pm SSE 30.37   78
16   51.2  55.4   4:45pm  46.1  12:00am   14    0  0.01   2   9   2:57pm SSE 30.25   92
17   59.7  74.0   3:48pm  47.9  11:43pm    7    2  0.01   2  13   2:09am  SW 30.16   75
18   57.1  63.1   6:58pm  47.1   2:24am    8    0  0.00   4  19   2:16pm   S 29.95   93
19   47.4  62.1  12:00am  35.1  11:56pm   18    0  0.00   7  33   2:55am NNW 30.14   56
20   31.2  35.4  12:03am  27.0   6:59am   10    0  0.00   1  11  12:18am WNW 30.43   70
---------------------------------------------------------------------------------------
TOT  49.0  75.4   1/7/19  27.0  1/20/19  316    7  3.15   3  33  1/19/19  NW 30.22   76

HEAT BASE: 65.0
COOL BASE: 65.0