• Terra Properties Inc
  • Software Answer



NOAA-Style Climate Reports


Select year:  Select month: 



Report for 2017 November
                  MONTHLY CLIMATOLOGICAL SUMMARY FOR 11/2017
                                        HEAT  COOL        
     MEAN                               DEG   DEG       WIND SPEED       DOM MEAN  MEAN
DAY  TEMP  HIGH   TIME     LOW   TIME   DAYS  DAYS RAIN AVG  HI  TIME    DIR BAROM HUM
---------------------------------------------------------------------------------------
1    59.9  74.1   4:15pm  50.6   5:48am    7    2  0.07   1  14   4:35pm  SE 29.87   87
2    73.3  83.2   3:45pm  63.4  12:00am    0    9  0.00   3  20  12:16pm  SW 29.91   83
3    77.2  87.4   3:38pm  72.0   9:07pm    0   13  0.00   2  13   1:44pm  SW 30.00   80
4    74.9  82.9   4:38pm  70.3  10:07pm    0   10  0.00   2  15   3:50pm  SW 29.96   84
5    74.5  85.6   3:08pm  69.8  12:50am    0   11  0.00   3  18  11:04am  SW 29.91   80
6    74.4  86.4   3:44pm  67.4  10:04pm    0   10  0.00   2  18  10:07am  SW 29.95   76
7    67.0  76.7  11:33am  58.2  11:59pm    2    4  0.00   2  15   2:52pm  SW 30.05   77
8    49.3  58.2  12:00am  45.1  11:31pm   15    0  0.16   2  15  12:54pm NNW 30.21   80
9    49.0  52.0   4:14pm  45.5  12:00am   15    0  0.00   1  11  12:54am   N 30.27   88
10   56.3  64.5   2:04pm  49.5   3:13am    8    0  0.00   1  11  12:31pm  SE 30.24   77
11   64.2  72.9   2:39pm  56.7  12:22am    3    3  0.00   2  14  10:51am  SE 30.11   75
12   68.1  75.9   3:12pm  61.9   6:58am    0    4  0.00   2  10  12:54am  SE 30.17   80
13   66.9  77.1   2:23pm  58.8   6:58am    1    3  0.00   1   8   2:10pm  SE 30.24   78
14   69.0  79.9   2:42pm  59.5   6:23am    1    6  0.00   3  18   1:56pm SSE 30.09   72
15   68.3  73.7   2:26pm  62.2  11:56pm    0    4  0.00   2  11  11:53am  SE 30.00   84
16   69.4  81.6   2:42pm  59.6   7:01am    1    6  0.00   2  11   1:09pm  SE 30.03   83
17   73.5  84.8   2:43pm  67.8   3:07am    0    9  0.00   4  23  12:36pm SSE 29.90   77
18   69.0  83.9  11:13am  51.2  11:58pm    2    6  0.00   5  22  12:25pm  SW 29.95   60
19   50.9  65.5   2:37pm  37.7   6:00am    9    0  0.00   1  12  10:35am  NW 30.32   57
---------------------------------------------------------------------------------------
TOT  66.4  88.3  11/3/17  38.7 11/19/17   63  101  0.23   2  23 11/17/17  SE 30.06   78

HEAT BASE: 65.0
COOL BASE: 65.0