NOAA-Style Climate Reports


Select year:  Select month: 



Report for 2019 July
                  MONTHLY CLIMATOLOGICAL SUMMARY FOR 7/2019
                                        HEAT  COOL        
     MEAN                               DEG   DEG       WIND SPEED       DOM MEAN  MEAN
DAY  TEMP  HIGH   TIME     LOW   TIME   DAYS  DAYS RAIN AVG  HI  TIME    DIR BAROM HUM
---------------------------------------------------------------------------------------
1    80.8  90.2   5:23pm  72.4   4:23am    0   16  0.00   2  17  10:25am  SW 30.01   75
2    80.4  91.7   4:24pm  73.5   5:19am    0   15  0.00   2  18   5:26pm WSW 29.97   78
3    79.4  91.3   3:13pm  72.8   1:20am    0   14  0.00   2  16  11:01am  SW 29.93   82
4    82.6  91.8   4:41pm  75.4   7:01am    0   18  0.00   2  16   3:06pm  SE 29.94   76
5    83.9  93.2   4:14pm  76.7   6:29am    0   19  0.00   2  14   9:11am SSE 30.03   75
6    83.3  92.6   5:06pm  76.1   7:08am    0   18  0.00   2  16   5:37pm SSE 30.08   75
7    84.2  93.3   5:36pm  76.0   6:26am    0   19  0.00   2  13  10:35am SSW 30.01   73
8    81.2  93.7   4:45pm  74.6  10:24pm    0   16  0.00   2  22   5:15pm SSW 29.95   78
9    84.6  95.1   4:52pm  74.7  12:31am    0   20  0.00   2  15  12:34pm   S 29.93   74
10   85.4  95.6   5:40pm  75.6  11:59pm    0   20  0.00   2  18  10:30pm SSW 29.97   72
11   83.4  95.7   4:23pm  72.3   5:24am    0   18  0.00   2  15  12:26am   E 29.95   68
12   83.2  94.1   3:50pm  74.2   4:23am    0   18  0.00   1  12   1:50pm ESE 29.86   67
13   82.9  94.5   3:18pm  70.9   2:11am    0   18  0.00   2  13   3:12pm  NW 29.84   68
14   83.9  94.0   3:14pm  74.7   6:41am    0   19  0.00   1  11  11:34am   E 29.88   71
15   84.0  96.4   4:04pm  73.8   6:44am    0   19  0.10   1  17   5:15pm  NE 29.91   73
16   85.6  96.6   5:26pm  76.5   6:29am    0   21  0.00   4  18   1:47pm   S 29.97   70
17   85.0  96.4   4:03pm  76.1   3:13am    0   20  0.00   4  19   1:45pm   S 30.01   71
18   84.6  96.4   4:55pm  75.2   4:48am    0   20  0.00   4  22  11:05am   S 29.99   70
19   85.0  96.5   4:44pm  75.6   6:08am    0   20  0.00   5  22  11:22am   S 29.97   69
20   85.2  96.0   4:55pm  76.3   6:58am    0   20  0.00   4  18  11:22am   S 29.95   67
21   84.3  96.5   5:25pm  72.9   7:03am    0   19  0.00   3  16   9:09am   S 29.94   67
22   85.6  97.8   4:37pm  75.8   6:45am    0   21  0.00   2  13  12:00am   S 29.98   66
23   84.3  91.3   4:42pm  78.0   7:24am    0   17  0.00   2  20   2:29pm   E 30.06   57
---------------------------------------------------------------------------------------
TOT  83.6  97.8  7/22/19  70.9  7/13/19    0  425  0.10   2  22   7/8/19   S 29.96   71

HEAT BASE: 65.0
COOL BASE: 65.0