NOAA-Style Climate Reports


Select year:  Select month: 



Report for 2019 September
                  MONTHLY CLIMATOLOGICAL SUMMARY FOR 9/2019
                                        HEAT  COOL        
     MEAN                               DEG   DEG       WIND SPEED       DOM MEAN  MEAN
DAY  TEMP  HIGH   TIME     LOW   TIME   DAYS  DAYS RAIN AVG  HI  TIME    DIR BAROM HUM
---------------------------------------------------------------------------------------
1    81.4  96.3   3:13pm  71.4   7:04am    0   16  0.14   1  15   3:40pm ESE 30.03   72
2    84.5  99.5   4:16pm  71.3   7:15am    0   19  0.00   1  14   3:02pm   E 30.02   60
3    83.5  99.0   4:28pm  67.8   7:19am    0   19  0.00   1  16   3:47pm   E 29.96   58
4    84.4  99.8   4:34pm  70.3   7:05am    0   19  0.00   2  16   3:20pm   E 30.02   56
5    84.5 100.6   3:59pm  67.9   6:53am    0   19  0.00   1  12  11:54am ESE 30.07   55
6    86.3 100.9   4:08pm  72.0   7:15am    0   21  0.00   2  11   1:47pm   S 30.03   55
7    86.4  99.7   3:43pm  74.5   7:27am    0   21  0.00   3  15   2:31pm   S 30.00   56
8    85.1  98.8   5:00pm  73.0   7:14am    0   20  0.00   4  20   3:49pm   S 29.97   62
9    83.5  97.6   3:58pm  73.0   6:48am    0   18  0.00   3  21   3:57pm ESE 29.99   66
10   80.1  97.5   3:56pm  71.6   5:59pm    0   15  0.29   3  22   5:25pm  SE 30.05   76
11   77.3  96.9   3:52pm  69.9   3:12am    0   12  0.50   2  35   4:50pm ESE 30.09   83
12   81.4  95.5   4:55pm  71.0   7:17am    0   16  0.00   2  12  12:49pm ESE 30.06   74
13   82.2  95.8   4:32pm  68.9   7:01am    0   17  0.00   1  13   1:40pm ESE 30.11   67
14   83.3  97.9   4:57pm  69.3   7:21am    0   18  0.00   1  12   4:58pm ESE 30.09   61
15   82.1  97.0   3:25pm  68.4   7:02am    0   17  0.00   2  12  12:16pm ESE 30.04   62
16   83.9  97.6   4:41pm  70.8   7:06am    0   19  0.00   2  17   3:42pm   E 29.99   60
17   79.8  90.3  12:49pm  69.7   5:01am    0   15  0.00   2  16   3:25pm   E 29.93   73
18   81.2  96.7   4:34pm  70.1   6:53am    0   16  0.00   2  12   2:08pm  NW 29.89   72
19   80.2  95.7   3:29pm  72.0   5:05am    0   15  0.00   2  13   5:07pm ESE 29.86   78
20   83.8  96.1   3:16pm  77.3   1:17am    0   19  0.00   4  24   4:29pm   S 29.95   73
21   77.8  78.8  12:00am  77.1   1:18am    0    3  0.00   3  12   3:50am ESE 30.03   87
---------------------------------------------------------------------------------------
TOT  82.7 100.9   9/6/19  67.8   9/3/19    0  357  0.96   2  35  9/11/19 ESE 30.01   66

HEAT BASE: 65.0
COOL BASE: 65.0