NOAA-Style Climate Reports


Select year:  Select month: 



Report for 2018 July
                  MONTHLY CLIMATOLOGICAL SUMMARY FOR 7/2018
                                        HEAT  COOL        
     MEAN                               DEG   DEG       WIND SPEED       DOM MEAN  MEAN
DAY  TEMP  HIGH   TIME     LOW   TIME   DAYS  DAYS RAIN AVG  HI  TIME    DIR BAROM HUM
---------------------------------------------------------------------------------------
1    85.8 101.2   3:37pm  74.7   5:17am    0   21  0.00   3  19   6:42pm  SE 29.94   60
2    85.7  99.6   4:45pm  73.1   6:31am    0   21  0.00   2  14   2:58pm  SE 29.97   60
3    86.5 100.6   4:44pm  73.8   6:42am    0   21  0.00   2  14   9:43am  SE 29.95   59
4    78.8  95.5   1:37pm  71.3  11:42pm    0   14  0.47   2  14   1:53pm  SE 29.99   79
5    80.8  94.6   4:49pm  70.0   5:55am    0   16  0.00   1   9   2:11pm ESE 30.16   69
6    85.1  97.3   3:59pm  74.7   6:56am    0   20  0.00   1  12   5:52pm ESE 30.13   62
7    76.5  89.4   2:24pm  72.1  11:51pm    0   11  0.65   0  10   3:12pm   E 30.08   83
8    79.8  92.1   3:10pm  70.3   5:59am    0   15  0.00   1  12   5:57pm  SE 30.07   75
9    74.9  83.7  12:53pm  71.7  11:55pm    0   10  2.06   1  18   1:39pm  SE 30.15   89
10   81.0  92.9   5:03pm  70.2   1:50am    0   16  0.00   1  11   4:00pm  SE 30.13   73
11   84.1  95.1   5:37pm  74.0   5:56am    0   19  0.00   1  11  11:44am  SW 30.04   65
12   84.3  95.2   5:01pm  73.3   6:45am    0   19  0.00   2  12   6:58pm  SE 30.03   63
13   84.2  95.2   5:21pm  74.0   6:40am    0   19  0.00   2  12  12:46pm  SE 30.06   64
14   84.6  96.0   4:17pm  74.2   6:39am    0   20  0.00   2  13   9:57am  SE 30.05   66
15   85.0  96.2   4:41pm  76.3   6:55am    0   20  0.00   2  15   4:07pm  SE 30.01   65
16   85.3  97.5   4:46pm  74.7   6:49am    0   20  0.00   2  16  12:16pm  SW 30.02   61
17   85.5  99.2   5:56pm  73.7   5:40am    0   20  0.00   3  16   8:43am  SW 30.03   60
18   87.5 101.1   5:13pm  75.5   5:55am    0   23  0.00   3  15  10:20am WSW 29.96   56
19   88.0 102.1   5:18pm  76.6   7:03am    0   23  0.00   2  12   8:53am  SE 29.91   57
20   88.1 102.3   4:38pm  75.6   6:56am    0   23  0.00   3  14   8:28am  SE 29.93   55
21   87.3 102.2   5:30pm  74.3   6:46am    0   22  0.00   2  13   4:27pm  SW 29.96   57
22   88.0 103.6   4:18pm  75.4   6:52am    0   18  0.00   2  13  10:19am  SW 29.94   59
---------------------------------------------------------------------------------------
TOT  83.9 103.6  7/22/18  70.0   7/5/18    0  412  3.18   2  19   7/1/18  SE 30.02   65

HEAT BASE: 65.0
COOL BASE: 65.0