NOAA-Style Climate Reports


Report for 2020 February
                  MONTHLY CLIMATOLOGICAL SUMMARY FOR 2/2020
                                        HEAT  COOL        
     MEAN                               DEG   DEG       WIND SPEED       DOM MEAN  MEAN
DAY  TEMP  HIGH   TIME     LOW   TIME   DAYS  DAYS RAIN AVG  HI  TIME    DIR BAROM HUM
---------------------------------------------------------------------------------------
1    50.3  70.2   3:25pm  35.0   3:34am   15    1  0.00   2  18  11:49am   W 30.28   61
2    58.7  77.4   1:54pm  36.8   6:25am    9    3  0.00   2  19   3:07pm   S 30.12   44
3    63.4  71.4   1:03pm  52.7   2:04am    3    2  0.00   6  25  10:47am   S 29.85   78
4    61.6  78.4   2:04pm  43.6  11:58pm    5    2  0.00   4  19   2:17pm   S 29.81   80
5    37.5  43.6  12:00am  30.9  11:48pm   27    0  0.02   7  26   8:45pm  NW 29.91   83
6    37.8  51.7   3:58pm  26.6   6:34am   27    0  0.03   4  23  11:36am  NW 29.91   63
7    51.2  72.8   2:50pm  34.8   6:07am   15    1  0.00   2  19  11:50am   S 29.96   47
8    52.8  67.7   2:38pm  36.9   6:56am   12    0  0.00   2  17   9:39pm ESE 30.16   66
9    65.9  70.2   4:59pm  59.2   2:03am    1    2  0.12   5  21   1:26pm SSE 30.01   90
10   54.6  68.7   1:11am  44.0  11:43pm   11    1  0.04   4  18   4:52pm  NW 30.00   89
11   42.8  44.8  11:43am  40.2   3:38am   22    0  0.74   4  17   2:33am  NW 30.11   92
12   45.9  55.0   4:40pm  39.3  11:31pm   19    0  1.14   3  17  11:38am  NW 29.96   89
13   42.0  50.9   3:56pm  33.4   6:53am   23    0  0.00   3  18   2:11pm  NW 30.29   81
14   41.3  56.9   5:06pm  29.3   7:04am   24    0  0.00   1  11   3:57pm  NW 30.44   76
15   49.7  62.7   5:05pm  34.1   7:06am   15    0  0.00   1  16  12:55pm   S 30.24   82
16   58.8  76.5   4:29pm  44.5   4:13am    8    2  0.00   2  15   5:13pm   S 30.03   83
17   67.4  78.1   2:48pm  57.4  12:41am    1    4  0.02   5  27   2:05pm   S 29.87   87
18   59.8  68.8  11:33am  48.5  10:24pm    6    1  0.05   3  20   5:39pm  NW 30.04   88
19   46.7  48.6  12:30am  44.3  11:55pm   18    0  0.14   2  13   4:01am   N 30.27   91
20   44.5  50.6   4:29pm  40.0  11:59pm   20    0  0.46   4  23   2:55pm NNW 30.44   85
21   41.5  52.1   4:12pm  32.0   7:18am   23    0  0.00   2  12  12:33am  NW 30.66   72
22   50.0  61.6   4:48pm  35.9  12:00am   15    0  0.00   3  16   1:32pm SSE 30.38   66
23   58.0  66.0   1:52pm  50.4  12:00am    7    0  0.00   3  16   7:27pm   S 30.06   84
24   61.6  69.1   3:22pm  47.3  11:59pm    4    1  0.10   3  16  12:30pm   W 29.87   68
25   52.8  65.8   3:33pm  41.4   3:36am   12    0  0.00   5  22   4:55pm  NW 30.01   64
26   45.0  52.6   3:41pm  37.8   5:13am   13    0  0.00  11  30   2:42am  NW 30.42   49
---------------------------------------------------------------------------------------
TOT  51.7  78.4   2/4/20  26.6   2/6/20  359   18  2.86   4  30  2/26/20  NW 30.11   76

HEAT BASE: 65.0
COOL BASE: 65.0